 is d(7)?
-3
Let k(u) = -3*u**3 + 46*u**2 + 143*u + 12. Let g be k(18). Let y(r) = r**3 + 4*r**2 - 12*r + 7. What is y(g)?
7
Suppose -3*i - y + 23 = 0, 15*y - 2 = -2*i + 17*y. Let h(t) = i - 23 + 13 + t + 6. Determine h(11).
13
Let l(f) = 9*f**2 - 68*f - 67. Let q be l(-1). Let o(x) be the third derivative of x**6/120 - 11*x**5/60 + x**4/3 + x**3 - 2*x**2. Calculate o(q).
-14
Let q(c) = 2*c**2 - c + 7*c**2 + 2*c**2. Let k be 2/(-63) + (-8662)/8946. What is q(k)?
12
Let r(t) be the second derivative of 5 - 1/2*t**3 - 39*t - 2*t**2. Determine r(12).
-40
Let j(h) = 18*h - 13. Let s(k) = 21*k - 11. Let g(q) = 6*j(q) - 5*s(q). Calculate g(8).
1
Let o(s) = 28*s**3 + 3*s**2 - 2*s + 2. Let m be o(1). Let w(d) = -m*d**2 + 3*d - 16*d - 32 + 13*d**2 - d**3 - 6*d. Calculate w(-17).
2
Let l = 141 + -145. Let s(k) = 4 + 9*k - 2 + 11*k - 24*k - k**2. Calculate s(l).
2
Let k(h) = h**3 - 19*h**2 + 18*h. Suppose -882 = -89*d + 720. What is k(d)?
0
Suppose 2*v + 1 = 5*t + 24, 2*v + 5*t - 13 = 0. Let u(d) be the first derivative of -18 - 7/3*d**3 - v*d - 5/2*d**2 - 1/4*d**4. Give u(-6).
-15
Let s(x) = 3*x**2 + 100*x + 430. Let h be s(-5). Let z(v) be the first derivative of -5 - v + 1/4*v**4 + h*v**2 - 10/3*v**3. What is z(9)?
8
Let w be (-6)/(3 + 1 + -3). Let q(a) = 7*a - 2*a - 3597 - 3*a + 3601. Calculate q(w).
-8
Let a(b) = -3*b + 15. Let o(f) = 42 - 3*f - f - 5*f + f. Let m(p) = -14*a(p) + 5*o(p). Give m(-1).
-2
Let l(h) = -4 + 5*h**3 + 4*h + 60010*h**2 - 4*h**3 + 5 - 60004*h**2. Let d(u) = -8*u**2 - u + 1. Let z be d(1). Let v = z + 3. Calculate l(v).
6
Let n(w) = -7*w**2 + 2*w + 7. Let j(m) be the first derivative of -5*m**3/3 + 7*m + 68. Let h(x) = 4*j(x) - 3*n(x). Give h(6).
7
Let r(q) = q**3 - 8*q**2 + 9*q - 7. Let c be (-1)/(-3 + 44/16). Suppose -c*m + 168 = 4*m. Suppose -3*l + m = -0. Determine r(l).
7
Let h be ((-2)/22)/(129/(-1419)). Let y(z) = -6*z + 1. Let d(p) = 13*p - 2. Let q(v) = 2*d(v) + 5*y(v). Calculate q(h).
-3
Let t be (-5118)/(-36) + (-2)/12. Let x(o) = 4*o - 3*o - t + 136. Determine x(10).
4
Let l(v) = v + 5. Let u = 3267 - 3265. What is l(u)?
7
Let n(z) = -z**3 - 2*z**2 - 11*z - 15. Let v be n(-3). Let o(m) = m**2 - 26*m - 16. Let r be o(v). Let p(q) = q**2 - 14*q + 12. Calculate p(r).
-21
Let d(c) = 5*c - 18. Let b(i) = -2*i + 6. Let y(n) = -8*b(n) - 3*d(n). Let q be ((0 - -5) + -3)*1. Suppose 0 = 2*u + 2*k, -6*u - 25 = -q*u - k. Calculate y(u).
1
Let k = 10502 - 10503. Let v(b) = -23*b**2 - 2*b - 1. Determine v(k).
-22
Let j(h) be the first derivative of h**4/4 - 2*h**3 + 4*h**2 - 5*h - 3. Let t(a) be the first derivative of 2*a**2 + 17*a + 21. Let l be t(-3). Calculate j(l).
10
Let b(y) = -5*y + y**2 + 7 + 7*y + 4*y + y. Let g be b(-5). Let d(i) = 2*i**2 - 11*i - 8. Let u(r) = r**2 - 9*r - 6. Let n(c) = 2*d(c) - 3*u(c). What is n(g)?
-4
Let w(s) = 2056 - 4128 - 8*s + 2073 + 5*s**2. Give w(3).
22
Suppose f = 4*f + 195. Let c = -67 - f. Let l be (3 - 19)*1/c. Let n(i) = i**2 - 7*i - 10. What is n(l)?
-2
Let n be (0/(-1))/(-5 - -3). Suppose 3*y + 6 = 2*a + 5*y, n = 3*a + 4*y - 14. Let f(o) = -o**2 + 3. What is f(a)?
-1
Let w(m) = m**3 + m - 6. Let g(z) = 4*z**3 + 2*z**2 + 7*z - 23. Let c(f) = g(f) - 5*w(f). What is c(3)?
4
Let q(j) = 5*j + 2*j**2 - 13 - 3*j + 2 + 5*j. Let h = -262 + 257. What is q(h)?
4
Let c(f) = f**2 + 9*f - 43. Let u(d) = d**2 - d - 6. Let m(y) = -c(y) + 2*u(y). Give m(6).
1
Suppose -24 = -3*c + 9*p - 6*p, 5*c = -3*p + 40. Let s(n) = n**2 - 10. Determine s(c).
54
Suppose 30*u + 34 = -15*u - 11. Let p(f) = 1. Let c(n) = -5*n - 3. Let g(q) = c(q) + 2*p(q). Determine g(u).
4
Let m = 8485 + -8465. Let l(y) = y**2 - 19*y + 3. Calculate l(m).
23
Let k(t) be the third derivative of -t**3 - 1/60*t**5 + 0 + 69*t**2 + 0*t - 5/24*t**4. What is k(-4)?
-2
Suppose 4*a = -2*c - 50, -95*c - 7 = -88*c. Let b(l) = -4*l**2 - 7*l + 9 + 0*l - 3*l + 3*l**2. Give b(a).
-15
Let o(t) = t**3 - 3*t**2 - 3*t + 1. Let h be o(2). Let j(c) be the second derivative of 123*c + 2/3*c**4 + 1/20*c**5 - 5/3*c**3 + 0 - 7/2*c**2. Calculate j(h).
2
Let x be ((-18)/(-6))/(3*1/6). Let t(b) = 3 - 1 - b + 7 + 2*b**2 + 6*b**2. Let n(u) = 7*u**2 + 8. Let a(k) = x*t(k) - 7*n(k). Calculate a(-4).
6
Let n(c) be the second derivative of -c**4/6 + 2*c**3 + 7*c**2/2 - 4627*c. What is n(7)?
-7
Let p(n) be the first derivative of n**4/2 - 7*n**3/3 + n**2 + 8*n + 2639. Calculate p(4).
32
Let q be 60*1*(-5 + 33/5). Let w be (-1)/(-4) + (-888)/q. Let l(r) = -r**3 - 10*r**2 - 11*r - 16. Give l(w).
2
Let k(h) be the third derivative of -h**4/3 + 3*h**3/2 + 1490*h**2. What is k(2)?
-7
Let m(d) = 1 + d + 2*d**2 + 4 - 4. Suppose -30*c + 192 = -258. Suppose 6 = c*i - 18*i. Determine m(i).
7
Let a be (-3 + 5)*123/(-82). Let b(c) = -4*c**2 - 3*c - 2. Determine b(a).
-29
Let o(i) = -i**3 - 2*i**2 + i. Let c(s) be the second derivative of s**3/2 - 73*s**2/2 - 12*s. Let g be c(23). What is o(g)?
28
Let l(u) be the first derivative of 0*u + 12 + 4/3*u**3 + 1/12*u**4 + 7*u**2. Let w(j) be the second derivative of l(j). Give w(-8).
-8
Let i(j) = -25*j + 76 + j + 172 + 2 - j**2. Determine i(8).
-6
Let l(d) = 2*d + 3. Let h(o) = -o - 1. Let v(n) = 7*h(n) + 4*l(n). Suppose -176*x + 173*x + 3*b + 21 = 0, -2*x - 3*b = 1. Calculate v(x).
9
Let k(x) = -x. Let z = 191 - 203. Let j(n) = -4*n + 4. Let b(t) = z*k(t) + j(t). Give b(-3).
-20
Suppose 2 = d, -d = -r - 3*d + 18. Let z(i) = -13*i + 179. Calculate z(r).
-3
Let d(o) be the second derivative of 1/6*o**3 + 0 + 182*o - o**2. Determine d(6).
4
Suppose 2030 - 3506 = -164*k. Let q(o) = -4 + o**2 - 5*o + o - 5*o. Calculate q(k).
-4
Let d(w) be the first derivative of -5/4*w**4 - 6*w + 8 + 1/2*w**2 + 1/3*w**3. Let r(s) = 4*s**3 - 2*s**2 - s + 5. Let q(n) = -3*d(n) - 4*r(n). Determine q(5).
3
Let t(j) = -4*j**3 - 12*j**2 + 5*j - 2. Let z(u) = -u**3 + 28*u**2 - 20*u + 556. Let w be z(28). Give t(w).
42
Let o(f) = 7*f - 5. Let n(r) = -24*r + 15. Let m(s) = -2*n(s) - 7*o(s). Give m(0).
5
Let q = 1739 - 1736. Let y(k) be the second derivative of 0 + 5*k**2 + 13*k + 1/6*k**q. Calculate y(-8).
2
Let l(i) = i**2 - 59*i - 183. Let f be l(62). Let o(d) = -2*d**3 + 5*d**2 + 4*d. What is o(f)?
3
Let g = -1812 - -1812. Let l(f) = -4*f + 6. Calculate l(g).
6
Let i(x) = 4 - x**3 + 4*x**2 - 4 + x. Let p(f) = -f**2 - 14*f + 39. Let n be p(-14). Suppose n = 43*o - 133. Determine i(o).
4
Let r(f) = f**3 - 8*f**2 - 10*f + 16. Suppose -163*n + 3 = -q - 161*n, 18 = 4*q - 3*n. Give r(q).
7
Let d(j) = 9*j**2 - 12*j + 13. Let t(f) = -7*f**2 + 13*f - 10. Let a(b) = -4*d(b) - 5*t(b). Determine a(-11).
64
Let s(f) = -f**3 + 7*f**2 - 5*f + 1. Let i be s(2). Suppose -5*u = r - 11, -5*r - 9 = 11. Let x(o) = -17 + u + o + 4. Determine x(i).
1
Let p(d) = 2*d**2 - 87*d + 416. Let b be p(38). Let o(t) = t**2 - 3*t + 2. Calculate o(b).
12
Let d(y) be the second derivative of 1/20*y**5 + 7*y**2 - 19*y + 2 + 0*y**3 + 5/6*y**4. Give d(-10).
14
Suppose -4*g = -b - 41, -3*g + 1 = -4*g - 2*b. Let a(r) = -178462 + 8*r + 178475 - r**2 + r. Determine a(g).
13
Suppose -7*c + 5680 - 5694 = 0. Let j(a) be the third derivative of a**5/60 - a**4/24 - 4*a**2. Determine j(c).
6
Let l(z) = -253 - 9*z + 92 + 82 + 94 - z**2. Calculate l(-9).
15
Let z = -25 + 27. Suppose -x + 28 = 5*d, 2*x - d = z - 1. Let l(c) = 4*c + 3*c + x + 4 + c**2. Determine l(-7).
7
Suppose -4*f = 5*x + 4, 5*x = f + 2*f - 32. Suppose f*b = -6*b + 5*b. Let g(p) = -p**2 - 9. Calculate g(b).
-9
Suppose 10*l = -2921 + 2961. Let h(f) = -f**2 + 5. Determine h(l).
-11
Let c(z) = -15 - 730*z - 3*z**2 + 244*z + 249*z + 241*z + 41. Calculate c(4).
-6
Let d be (5 + -8 + -1)*5/2. Let n = 13 + d. Let s(g) = -3*g**3 + n - 3*g**2 + g + g**2 + 2*g**3. Calculate s(-3).
9
Let p(f) be the third derivative of -19*f**4/24 - 53*f**3/6 + f**2 - 1958. Give p(-4).
23
Let v(t) = -t**3 - 2*t**2 + t + 2. Suppose 5*w - 4 = i, 3*i - 4*w + 20 = -2*i. Determine v(i).
30
Let z(i) = 3*i**3 - 3*i**2 + 3*i + 5. Let b be z(3). Suppose 7*k = -h + 3*k - b, 2*h + 121 = -5*k. Let o = h + 41. Let v(y) = -y**2 - 4*y + 8. Give v(o).
-13
Let q(h) = h - 1. Suppose 74 = 32*o - 30*o. Let k be (12/(-4) + 4)*o. Let n = 32 - k. Give q(n).
-6
Let s(x) = x**3 + 7*x**2 + x + 5. Let b be 395/55 + (0 - 2/11). Suppose -y = -d + 6, -b*y = -3*d - 2*y + 20. Suppose -d*m = -0*m + 3